*t + 1. Suppose o + 1 - 6 = 0. Suppose o*m - 3*m = -18. What is the tens digit of d(m)?
1
Let y = 8 + -6. Suppose 0*v + v = y*b - 27, 0 = 3*v + 15. Let j = b - 3. What is the units digit of j?
8
Let w(c) = c**3 - 5*c**2 - 6*c + 3. Let q be w(6). Suppose q - 21 = -3*r. What is the units digit of r?
6
Let f be (90/25)/((-4)/(-10)). What is the tens digit of (f/6)/((-3)/(-64))?
3
Let d(u) = -u**3 - 10*u**2 + u - 8. What is the hundreds digit of d(-12)?
2
Let c be (-2)/9 - 218/(-9). Suppose 3*x + 8*s = 3*s + 2, -c = -5*x + 2*s. Suppose 6 = x*f - 6. What is the units digit of f?
3
Suppose 76 = i + 3*i. Let f = i - -4. What is the units digit of f?
3
Suppose -5*u = -22 - 8. Let n be (-68)/(-6)*-1*u. What is the units digit of (-1)/(-2) + n/(-8)?
9
Let o(q) = -q**3 - 7*q**2 - 5*q + 2. Let c be o(-6). Let t = -2 - c. Suppose d + 2*d = s + 9, t*d + 1 = 3*s. What is the units digit of d?
4
Let u(i) be the second derivative of i**5/60 + 5*i**3/6 - 5*i. Let h(s) be the second derivative of u(s). What is the units digit of h(4)?
8
Let q(u) = 7*u**2 - 1. Let l be q(-2). Let v(g) = -g**2 - 3*g + 4. Let h be v(-5). What is the units digit of 230/18 - h/l?
3
Suppose x + 3*k - 97 = -4*x, -47 = -3*x + k. What is the tens digit of -7 - -4 - -1*x?
1
Let j be 8/(6/3) + -1. Suppose b + 9 = -5*p + 4*p, 2*p + 18 = -j*b. Let y(q) = q**2 + 10*q + 13. What is the units digit of y(p)?
4
Suppose v + 4*y + 17 = 0, 0 = 4*v - y + 3*y - 2. Suppose h + 18 = -5*k, k - v*k - 38 = -4*h. What is the units digit of h?
7
Suppose -3*c = -k + 22, 5*k = -c + 229 - 87. What is the units digit of k?
8
Let d(x) = 6*x + 6. Let p(m) = m + 1. Let n(l) = -d(l) + 4*p(l). What is the units digit of n(-4)?
6
Suppose 4*t - t = 87. What is the units digit of t?
9
Let p = 139 - 99. What is the tens digit of p?
4
Suppose -3*d + 2 + 42 = -4*p, -22 = 2*p - d. Let x = 0 - p. What is the units digit of x?
1
Let n = -21 + 27. What is the units digit of n?
6
Let q = 0 - -6. What is the units digit of ((-3)/9)/(q/(-72))?
4
Let p be -1 - (5/1 + 3). Let r = -6 - p. What is the units digit of r?
3
Let y(z) = -z**2 - 13*z + 18. Let s be y(-13). Let m = 32 - s. What is the tens digit of m?
1
Suppose -2*s + 10 = 4*b, 0 = -s + 5*b - 8 - 15. Let q = s - 0. What is the units digit of (3 - 0) + (0 - q)?
6
Let q(p) = -4*p - 8 - 9*p**2 - p**3 - 6*p - 4. Let v be q(-8). Suppose -70 = -5*c - v*y, 2*c = -5*y + 58 - 13. What is the tens digit of c?
1
Let w(d) = -d**3 + 7*d**2 + 2*d - 5. Let o be w(7). What is the units digit of (-193)/(-8) + o/(-72)?
4
Let n(k) = k**2 + 5*k - 7. Let i be n(-7). Suppose 0 = 2*c - i*c + 60. What is the units digit of (c/(-8))/((-1)/10)?
5
Suppose -3*w + 9 = -6. Suppose 4*p + 4 = 4*x - 0, 14 = 2*x + p. Suppose x*n = h - w*h - 3, n = -3. What is the units digit of h?
3
Suppose -4*g = z - 71, 2*z + g + 25 = 188. What is the units digit of z?
3
Let j(h) = 11*h**2 + 0*h**2 + 0*h**2. What is the units digit of j(-1)?
1
What is the units digit of (18/15)/(3/60)?
4
Let n(k) = -k**2 + k + 4. Let b = 12 + -7. Let t be 3/b - (-6)/(-10). What is the units digit of n(t)?
4
Let j(o) = o**3 - o**2 + 76. What is the units digit of j(0)?
6
Suppose -6*u = 58 - 178. What is the tens digit of u?
2
Let m(t) = 3 - 2*t + 2 + 0 + 3. Let l be m(-7). Let i = l + -13. What is the units digit of i?
9
Let j = 21 + -18. What is the units digit of j?
3
Let s(m) = -4*m. Let b(p) = -p. Let d(n) = -5*b(n) + s(n). What is the units digit of d(11)?
1
Let r = -7 + 22. Suppose -6*y = -y - r. What is the units digit of 5 - y*(-2)/(-6)?
4
Let z(m) = -m. Let x be ((-10)/(-6))/((-3)/9). Let n be -6*x/(15/(-2)). What is the units digit of z(n)?
4
Suppose 5*z = -5*t + 20, 5*z - 28 = -3*t - 6. Suppose i - 11 = -3*h, -3*i = -h + i - z. What is the units digit of h?
3
Suppose 7*l = 3*l + 12. Suppose v = -0 + 3. Suppose -v*p - 5*t - l = 0, -3*t - 2*t - 35 = -5*p. What is the units digit of p?
4
Let j(d) = 6 - d - 6*d - 2 + d**2. Let c be j(7). Suppose -2*h - 10 = -0, c*r - 2*h - 46 = 0. What is the units digit of r?
9
Let m(b) = -b - 1. Let g(j) = j**2 + 3*j + 3. Let w(c) = g(c) + 4*m(c). What is the units digit of w(-3)?
1
Let b(w) = w + 1 + 0 - 1. Let q be b(-10). Let c = q + 24. What is the tens digit of c?
1
Let x = -1 - -3. Suppose 4*k = 21 - 1, 2*g + x*k - 12 = 0. What is the units digit of (0 - -10) + -1 + g?
0
Let b = 20 + 73. What is the tens digit of b?
9
Let v(j) = -3*j - 1. Let a be v(3). Suppose -9 = 3*r - 3*l + 6, 2*r + l = -10. Let c = r - a. What is the units digit of c?
5
Let h = 4 + -2. Let k(q) be the second derivative of q**4/6 + q**2/2 + q. What is the units digit of k(h)?
9
Suppose -8*w + 2*r = -3*w + 45, -5*w + 3*r - 45 = 0. Let m(p) be the second derivative of -p**4/12 - 5*p**3/3 + 2*p**2 + 3*p. What is the tens digit of m(w)?
1
Let g(w) = -w**3 + 7*w**2 + w + 7. Let a be 13/2 + 2/4. Let u be g(a). Let s = 24 - u. What is the units digit of s?
0
Suppose -3*f - 5*o + 32 = -39, 0 = -5*f + 2*o + 170. What is the units digit of f?
2
Let a(k) = k + 13. Let z be a(-11). Suppose -z*j + 11 = s, 3*j - j = -4*s + 62. What is the units digit of s?
7
Let c(x) = 2*x + 3. Let l be c(-2). Let m(g) = -5*g. Let y be m(l). Suppose z + z - 9 = 5*s, -4*s - 31 = -y*z. What is the units digit of z?
7
Suppose 5*v + 5 = 0, 4*v = w + 5*v - 265. What is the units digit of w?
6
Let q = -168 - -340. What is the hundreds digit of q?
1
Let p(r) = -2 - 6*r + 3*r + 2*r. Suppose -y + 11 = -2*i + 2, 0 = -3*i - 5*y - 7. What is the units digit of p(i)?
2
Let h be (4 - 3)*6/2. Suppose h + 27 = 5*u. Suppose 3*z + u - 45 = 0. What is the tens digit of z?
1
Let b = 220 + -4. What is the units digit of b?
6
Suppose -d + 203 = -2*m + m, -d + 4*m + 209 = 0. What is the units digit of d?
1
Suppose 3*z - 7*z + 204 = 0. Suppose 3*v = z - 0. What is the tens digit of v?
1
Suppose 7*n + 589 = 3*z + 3*n, 2*z - 392 = 3*n. What is the hundreds digit of z?
1
Suppose -k = 5*a - 1237, 4*a - 2*k - 982 = k. What is the hundreds digit of a?
2
Suppose -23 = -4*k + 33. Suppose 3*q + 4*g = k, 5*g - 12 = q - 2*q. What is the units digit of q?
2
Let p be -4 - (-3)/(-9)*0. Let c(x) = 2*x**2 + 2. What is the units digit of c(p)?
4
Let q(m) = -12*m - 2. Let k be q(1). Let g = 41 + k. What is the tens digit of g?
2
Let g(c) = -c**3 - 2*c**2 - 2*c - 1. Let k be g(-1). Let v = 5 - k. Suppose v*h = 11 + 19. What is the units digit of h?
6
What is the units digit of 9/(-3) + -2 + 711/3?
2
Let s = -3 + 5. Suppose 4*n = -2*f + 8, n = s*n + f. What is the units digit of (-21)/(-15) - n/10?
1
Suppose -7*k - 393 = -10*k. What is the hundreds digit of k?
1
Let w(x) = 2*x**2 + x - 2. Suppose -2*k - 1 = -11. What is the units digit of w(k)?
3
Let c(d) = -2*d**2 - 2*d - 7. Let i(s) = s**2 + 1. Let j(a) = 7*a**2 + 7. Let l(f) = -6*i(f) + j(f). Let v(t) = -c(t) - 3*l(t). What is the units digit of v(3)?
1
Suppose 3*n = -5 - 13. Let z(g) = 16*g + 22. Let a(o) = 5*o + 7. Let r(h) = -7*a(h) + 2*z(h). What is the tens digit of r(n)?
1
Let o = 32 - 18. What is the tens digit of o?
1
Suppose y + 1 = -1. Let s(i) = -i**3 - i**2 + i - 1. What is the units digit of s(y)?
1
Let f(g) = -g + 7. Let m be f(7). Let z be m*(0 - (-1)/(-2)). Suppose z = -5*b + 5*u + 70, 0 = 3*b + b - 3*u - 61. What is the tens digit of b?
1
Let n(w) be the third derivative of -w**5/60 + 5*w**4/24 - 2*w**3/3 - 4*w**2. Suppose -6 = -2*a - 0. What is the units digit of n(a)?
2
What is the units digit of 5/2*(-72)/(-30)?
6
Suppose -711 + 137 = -14*x. What is the tens digit of x?
4
Let s = -6 + 12. Let j be (-2)/(-3) + 110/s. Suppose -r + j = -1. What is the tens digit of r?
2
Let c = 10 - 14. Let l(p) = -2*p - 3. Let d be l(c). Let f(s) = -s**3 + 6*s**2 - 4*s - 2. What is the units digit of f(d)?
3
Let o(g) = -12*g - 9. What is the tens digit of o(-4)?
3
What is the hundreds digit of -2 + 2 + (166 - (-2)/2)?
1
Let i(n) = n**3 + 3*n**2 + 2*n - 3. Suppose -2*k - 1 - 5 = 0. Let g be i(k). Let r = 19 + g. What is the tens digit of r?
1
Suppose -5*v - 2*o + 191 = -0*o, 2*v = o + 71. What is the tens digit of v?
3
Let l(d) = d**3 + d**2 - 9*d + 7. What is the hundreds digit of l(5)?
1
Let z = -3 + 3. Suppose 0 = -4*m + 3*o + 16, -4*o = 4*m - 2*o - 16. Suppose 5 = 3*t + 2*t + 4*n, z = -m*t + 4*n + 4. What is the units digit of t?
1
